{"id":1855,"date":"2025-12-09T12:43:56","date_gmt":"2025-12-09T11:43:56","guid":{"rendered":"https:\/\/die-reinterpreten.de\/?page_id=1855"},"modified":"2025-12-09T12:47:04","modified_gmt":"2025-12-09T11:47:04","slug":"datenschutz","status":"publish","type":"page","link":"https:\/\/die-reinterpreten.de\/pt\/datenschutz\/","title":{"rendered":"Prote\u00e7\u00e3o de dados"},"content":{"rendered":"<div data-elementor-type=\"wp-page\" data-elementor-id=\"1855\" class=\"elementor elementor-1855\" data-elementor-post-type=\"page\">\n\t\t\t\t<div class=\"elementor-element elementor-element-a46c95b e-flex e-con-boxed e-con e-parent\" data-id=\"a46c95b\" data-element_type=\"container\" data-settings=\"{&quot;wcf_enable_cursor_hover_effect_text&quot;:&quot;View&quot;,&quot;wcf-animation&quot;:&quot;none&quot;,&quot;wcf_enable_horizontal_scroll&quot;:&quot;no&quot;}\">\n\t\t\t\t\t<div class=\"e-con-inner\">\n\t\t\t\t<div class=\"elementor-element elementor-element-2d426b6 elementor-widget elementor-widget-text-editor\" data-id=\"2d426b6\" data-element_type=\"widget\" data-settings=\"{&quot;wcf-animation&quot;:&quot;none&quot;}\" data-widget_type=\"text-editor.default\">\n\t\t\t\t<div class=\"elementor-widget-container\">\n\t\t\t\t\t\t\t\t\t<p>Pol\u00edtica de Privacidade \u2013 Die Reinterpreten Kids<\/p><p>(Situa\u00e7\u00e3o em 2025)<\/p><p>1. Entidade respons\u00e1vel<\/p><p>Daniel van der Linden-W\u00f6ller<br \/>Os reinterpretadores Kids<br \/><br \/>E-mail: reinterpreten@gmail.com<br \/>Website: www.die-reinterpreten.de<\/p><p>\u2e3b<\/p><p>2. Informa\u00e7\u00f5es gerais sobre o tratamento de dados<\/p><p>Levamos muito a s\u00e9rio a prote\u00e7\u00e3o dos dados pessoais. O processamento \u00e9 feito exclusivamente de acordo com o Regulamento Geral sobre a Prote\u00e7\u00e3o de Dados (RGPD) e as leis alem\u00e3s de prote\u00e7\u00e3o de dados aplic\u00e1veis (BDSG).<\/p><p>Os dados pessoais s\u00f3 s\u00e3o recolhidos se:<br \/>\u2022 necess\u00e1rio para a realiza\u00e7\u00e3o dos cursos,<br \/>\u2022 for necess\u00e1rio devido a requisitos legais,<br \/>\u2022 ou se houver consentimento expresso.<\/p><p>N\u00e3o haver\u00e1 transmiss\u00e3o a terceiros, a menos que seja absolutamente necess\u00e1rio para o cumprimento do contrato (por exemplo, prestadores de servi\u00e7os de pagamento) ou exigido por lei.<\/p><p>\u2e3b<\/p><p>3. Recolha e tratamento de dados pessoais<\/p><p>3.1. Dados na reserva do curso<\/p><p>Ao efetuar a reserva online, s\u00e3o processados os seguintes dados:<br \/>\u2022 Nome e apelido dos respons\u00e1veis legais<br \/>\u2022 Nome e idade da crian\u00e7a<br \/>\u2022 Endere\u00e7o<br \/>\u2022 N\u00famero de telefone \/ endere\u00e7o de e-mail<br \/>\u2022 Informa\u00e7\u00f5es relevantes para a sa\u00fade (por exemplo, alergias, intoler\u00e2ncias, necessidades especiais)<br \/>\u2022 Dados de reserva e pagamento<\/p><p>Finalidade:<br \/>Organiza\u00e7\u00e3o e realiza\u00e7\u00e3o dos cursos para crian\u00e7as, medidas de seguran\u00e7a, comunica\u00e7\u00e3o.<\/p><p>Fundamentos jur\u00eddicos:<br \/>\u2022 Art. 6, par\u00e1grafo 1, al\u00ednea b) do RGPD (cumprimento do contrato)<br \/>\u2022 Art. 6.\u00ba, n.\u00ba 1, al\u00ednea a) do RGPD (consentimento no caso de dados relativos \u00e0 sa\u00fade)<br \/>\u2022 Art. 9, par\u00e1grafo 2, do RGPD (categorias especiais de dados pessoais)<\/p><p>Os dados de sa\u00fade s\u00e3o tratados com estrita confidencialidade, utilizados exclusivamente para garantir a seguran\u00e7a da crian\u00e7a e n\u00e3o s\u00e3o transmitidos a terceiros.<\/p><p>\u2e3b<\/p><p>3.2. Boletim informativo<\/p><p>Ao subscrever a nossa newsletter, guardamos:<br \/>\u2022 Endere\u00e7o de e-mail<br \/>\u2022 nome opcional<\/p><p>Finalidade: envio de informa\u00e7\u00f5es sobre cursos, datas, promo\u00e7\u00f5es.<\/p><p>Base jur\u00eddica:<br \/>Art. 6.\u00ba, n.\u00ba 1, al\u00ednea a) do RGPD (consentimento).<\/p><p>A cancelamento da inscri\u00e7\u00e3o \u00e9 poss\u00edvel a qualquer momento atrav\u00e9s de:<br \/>\u2022 Link em cada newsletter<br \/>\u2022 ou por e-mail para: [o teu endere\u00e7o de e-mail]<\/p><p>Os dados n\u00e3o ser\u00e3o vendidos, alugados ou utilizados para fins alheios.<\/p><p>Utilizamos os seguintes fornecedores, conforme necess\u00e1rio:<\/p><p>Mailchimp \/ Brevo \/ MailerLite \/ ou similar (por favor, selecione!)<br \/>Esses fornecedores podem estar localizados fora da UE. Nesse caso, o tratamento \u00e9 realizado com base em cl\u00e1usulas contratuais padr\u00e3o, de acordo com o artigo 46.\u00ba do RGPD.<\/p><p>Se me disseres qual servi\u00e7o utilizas, eu adapto esta sec\u00e7\u00e3o exatamente.<\/p><p>\u2e3b<\/p><p>3.3. Estabelecimento de contacto<\/p><p>Ao entrar em contacto por e-mail ou formul\u00e1rio, os dados transmitidos s\u00e3o armazenados para processar a solicita\u00e7\u00e3o.<\/p><p>Base jur\u00eddica:<br \/>Art. 6.\u00ba, n.\u00ba 1, al\u00ednea b) do RGPD (medidas pr\u00e9-contratuais).<\/p><p>Os dados n\u00e3o ser\u00e3o transmitidos a terceiros.<\/p><p>\u2e3b<\/p><p>3.4. Prestador de servi\u00e7os de pagamento (PayPal)<\/p><p>Os pagamentos s\u00e3o efetuados atrav\u00e9s da PayPal (Europe) S.\u00e0 r.l. et Cie, S.C.A.<\/p><p>S\u00e3o processados:<br \/>\u2022 Nome<br \/>\u2022 Endere\u00e7o<br \/>\u2022 E-mail<br \/>\u2022 Informa\u00e7\u00f5es de pagamento<br \/>\u2022 Dados da transa\u00e7\u00e3o<\/p><p>Finalidade: processamento de pagamentos.<\/p><p>Base jur\u00eddica:<br \/>Art. 6.\u00ba, n.\u00ba 1, al\u00ednea b) do RGPD.<\/p><p>A PayPal \u00e9 respons\u00e1vel pelo tratamento independente dos dados.<br \/>A declara\u00e7\u00e3o de prote\u00e7\u00e3o de dados pode ser encontrada em:<br \/>https:\/\/www.paypal.com\/de\/webapps\/mpp\/ua\/privacy-full<\/p><p>\u2e3b<\/p><p>4. Transmiss\u00e3o de dados<\/p><p>Nenhum dado ser\u00e1 transmitido a terceiros, exceto:<br \/>\u2022 a prestadores de servi\u00e7os de pagamento (por exemplo, PayPal) para processamento,<br \/>\u2022 quando exigido por lei (por exemplo, autoridade fiscal),<br \/>\u2022 ou se houver consentimento expresso.<\/p><p>Os dados das crian\u00e7as nunca ser\u00e3o transmitidos a organiza\u00e7\u00f5es externas, anunciantes ou outros destinat\u00e1rios.<\/p><p>\u2e3b<\/p><p>5. Armazenamento e elimina\u00e7\u00e3o de dados<br \/>\u2022 Os dados das reservas s\u00e3o armazenados durante o per\u00edodo de reten\u00e7\u00e3o legal (geralmente 10 anos).<br \/>\u2022 Os dados de sa\u00fade ser\u00e3o eliminados no prazo m\u00e1ximo de 4 semanas ap\u00f3s o final do curso, salvo se houver outro consentimento.<br \/>\u2022 Os dados para a newsletter permanecem armazenados at\u00e9 que o consentimento seja revogado.<br \/>\u2022 Os pedidos de contacto ser\u00e3o eliminados ap\u00f3s a conclus\u00e3o do processamento, no m\u00e1ximo ap\u00f3s 6 meses.<\/p><p>\u2e3b<\/p><p>6. Cookies e dados t\u00e9cnicos<\/p><p>O nosso site utiliza cookies tecnicamente necess\u00e1rios para o funcionamento da p\u00e1gina de reservas.<\/p><p>Se pretender utilizar ferramentas de rastreamento ou estat\u00edsticas (por exemplo, Google Analytics), terei de incluir aqui uma sec\u00e7\u00e3o extra \u2013 atualmente, vou omitir essa sec\u00e7\u00e3o, pois provavelmente n\u00e3o utiliza rastreadores externos.<\/p><p>\u2e3b<\/p><p>7. Integra\u00e7\u00e3o de meios de comunica\u00e7\u00e3o \/ fotos<\/p><p>Durante os cursos, podem ser tiradas fotografias.<br \/>O processamento s\u00f3 \u00e9 realizado:<br \/>\u2022 com o consentimento expresso por escrito dos respons\u00e1veis legais,<br \/>\u2022 exclusivamente para os fins acordados (por exemplo, website, folhetos, redes sociais).<\/p><p>Sem consentimento, n\u00e3o haver\u00e1 publica\u00e7\u00e3o.<\/p><p>Base jur\u00eddica: Art. 6.\u00ba, n.\u00ba 1, al\u00ednea a) do RGPD, \u00a7\u00a7 22, 23 da KUG (Lei alem\u00e3 sobre direitos de autor).<\/p><p>\u2e3b<\/p><p>8. Direitos das pessoas em causa<\/p><p>Os respons\u00e1veis legais e os participantes maiores de idade t\u00eam os seguintes direitos:<br \/>\u2022 Direito de acesso (art. 15.\u00ba do RGPD)<br \/>\u2022 Direito de retifica\u00e7\u00e3o (art. 16 do RGPD)<br \/>\u2022 Direito ao apagamento (art. 17 do RGPD)<br \/>\u2022 Direito \u00e0 limita\u00e7\u00e3o do tratamento (art. 18.\u00ba do RGPD)<br \/>\u2022 Direito \u00e0 portabilidade dos dados (art. 20 do RGPD)<br \/>\u2022 Direito de revogar consentimentos concedidos (art. 7.\u00ba, n.\u00ba 3, do RGPD)<br \/>\u2022 Direito de reclama\u00e7\u00e3o junto de uma autoridade de controlo (art. 77.\u00ba do RGPD)<\/p><p>Autoridade competente:<br \/>O Comiss\u00e1rio de Hess para a Prote\u00e7\u00e3o de Dados e Liberdade de Informa\u00e7\u00e3o.<\/p><p>\u2e3b<\/p><p>9. Seguran\u00e7a dos dados<\/p><p>Utilizamos medidas t\u00e9cnicas e organizacionais para proteger os dados contra perda, acesso n\u00e3o autorizado, manipula\u00e7\u00e3o e divulga\u00e7\u00e3o.<\/p><p>Isso inclui, entre outros:<br \/>\u2022 Criptografia SSL em todo o site<br \/>\u2022 Sistemas protegidos por palavra-passe<br \/>\u2022 Restri\u00e7\u00e3o de acesso a dados sens\u00edveis<br \/>\u2022 N\u00e3o armazenamento de dados desnecess\u00e1rios<\/p><p>\u2e3b<\/p><p>10. Altera\u00e7\u00f5es a esta declara\u00e7\u00e3o de prote\u00e7\u00e3o de dados<\/p><p>Reservamo-nos o direito de alterar esta declara\u00e7\u00e3o de prote\u00e7\u00e3o de dados, se necess\u00e1rio, por exemplo, em caso de novas disposi\u00e7\u00f5es legais ou altera\u00e7\u00f5es nas nossas ofertas.<\/p><p>A vers\u00e3o atualizada est\u00e1 sempre dispon\u00edvel no nosso site.<\/p>\t\t\t\t\t\t\t\t<\/div>\n\t\t\t\t<\/div>\n\t\t\t\t\t<\/div>\n\t\t\t\t<\/div>\n\t\t\t\t<\/div>","protected":false},"excerpt":{"rendered":"<p>Datenschutzerkl\u00e4rung \u2013 Die Reinterpreten Kids (Stand 2025) 1. Verantwortliche Stelle Daniel van der Linden-W\u00f6llerDie Reinterpreten Kids E-Mail: reinterpreten@gmail.comWebsite: www.die-reinterpreten.de \u2e3b [&hellip;]<\/p>","protected":false},"author":1,"featured_media":0,"parent":0,"menu_order":0,"comment_status":"closed","ping_status":"closed","template":"","meta":{"site-sidebar-layout":"no-sidebar","site-content-layout":"","ast-site-content-layout":"full-width-container","site-content-style":"default","site-sidebar-style":"default","ast-global-header-display":"","ast-banner-title-visibility":"","ast-main-header-display":"","ast-hfb-above-header-display":"","ast-hfb-below-header-display":"","ast-hfb-mobile-header-display":"","site-post-title":"disabled","ast-breadcrumbs-content":"","ast-featured-img":"disabled","footer-sml-layout":"","theme-transparent-header-meta":"","adv-header-id-meta":"","stick-header-meta":"","header-above-stick-meta":"","header-main-stick-meta":"","header-below-stick-meta":"","astra-migrate-meta-layouts":"default","ast-page-background-enabled":"default","ast-page-background-meta":{"desktop":{"background-color":"var(--ast-global-color-5)","background-image":"","background-repeat":"repeat","background-position":"center center","background-size":"auto","background-attachment":"scroll","background-type":"","background-media":"","overlay-type":"","overlay-color":"","overlay-opacity":"","overlay-gradient":""},"tablet":{"background-color":"","background-image":"","background-repeat":"repeat","background-position":"center center","background-size":"auto","background-attachment":"scroll","background-type":"","background-media":"","overlay-type":"","overlay-color":"","overlay-opacity":"","overlay-gradient":""},"mobile":{"background-color":"","background-image":"","background-repeat":"repeat","background-position":"center center","background-size":"auto","background-attachment":"scroll","background-type":"","background-media":"","overlay-type":"","overlay-color":"","overlay-opacity":"","overlay-gradient":""}},"ast-content-background-meta":{"desktop":{"background-color":"var(--ast-global-color-4)","background-image":"","background-repeat":"repeat","background-position":"center center","background-size":"auto","background-attachment":"scroll","background-type":"","background-media":"","overlay-type":"","overlay-color":"","overlay-opacity":"","overlay-gradient":""},"tablet":{"background-color":"var(--ast-global-color-4)","background-image":"","background-repeat":"repeat","background-position":"center center","background-size":"auto","background-attachment":"scroll","background-type":"","background-media":"","overlay-type":"","overlay-color":"","overlay-opacity":"","overlay-gradient":""},"mobile":{"background-color":"var(--ast-global-color-4)","background-image":"","background-repeat":"repeat","background-position":"center center","background-size":"auto","background-attachment":"scroll","background-type":"","background-media":"","overlay-type":"","overlay-color":"","overlay-opacity":"","overlay-gradient":""}},"footnotes":""},"class_list":["post-1855","page","type-page","status-publish","hentry"],"_links":{"self":[{"href":"https:\/\/die-reinterpreten.de\/pt\/wp-json\/wp\/v2\/pages\/1855","targetHints":{"allow":["GET"]}}],"collection":[{"href":"https:\/\/die-reinterpreten.de\/pt\/wp-json\/wp\/v2\/pages"}],"about":[{"href":"https:\/\/die-reinterpreten.de\/pt\/wp-json\/wp\/v2\/types\/page"}],"author":[{"embeddable":true,"href":"https:\/\/die-reinterpreten.de\/pt\/wp-json\/wp\/v2\/users\/1"}],"replies":[{"embeddable":true,"href":"https:\/\/die-reinterpreten.de\/pt\/wp-json\/wp\/v2\/comments?post=1855"}],"version-history":[{"count":7,"href":"https:\/\/die-reinterpreten.de\/pt\/wp-json\/wp\/v2\/pages\/1855\/revisions"}],"predecessor-version":[{"id":1862,"href":"https:\/\/die-reinterpreten.de\/pt\/wp-json\/wp\/v2\/pages\/1855\/revisions\/1862"}],"wp:attachment":[{"href":"https:\/\/die-reinterpreten.de\/pt\/wp-json\/wp\/v2\/media?parent=1855"}],"curies":[{"name":"wp","href":"https:\/\/api.w.org\/{rel}","templated":true}]}}

Proteção de dados

<div data-elementor-type="wp-page" data-elementor-id="1855" class="elementor elementor-1855" data-elementor-post-type="page">
				<div class="elementor-element elementor-element-a46c95b e-flex e-con-boxed e-con e-parent" data-id="a46c95b" data-element_type="container" data-settings="{&quot;wcf_enable_cursor_hover_effect_text&quot;:&quot;View&quot;,&quot;wcf-animation&quot;:&quot;none&quot;,&quot;wcf_enable_horizontal_scroll&quot;:&quot;no&quot;}">
					<div class="e-con-inner">
				<div class="elementor-element elementor-element-2d426b6 elementor-widget elementor-widget-text-editor" data-id="2d426b6" data-element_type="widget" data-settings="{&quot;wcf-animation&quot;:&quot;none&quot;}" data-widget_type="text-editor.default">
				<div class="elementor-widget-container">
									<p>Política de Privacidade – Die Reinterpreten Kids</p><p>(Situação em 2025)</p><p>1. Entidade responsável</p><p>Daniel van der Linden-Wöller<br />Os reinterpretadores Kids<br /><br />E-mail: reinterpreten@gmail.com<br />Website: www.die-reinterpreten.de</p><p>⸻</p><p>2. Informações gerais sobre o tratamento de dados</p><p>Levamos muito a sério a proteção dos dados pessoais. O processamento é feito exclusivamente de acordo com o Regulamento Geral sobre a Proteção de Dados (RGPD) e as leis alemãs de proteção de dados aplicáveis (BDSG).</p><p>Os dados pessoais só são recolhidos se:<br />• necessário para a realização dos cursos,<br />• for necessário devido a requisitos legais,<br />• ou se houver consentimento expresso.</p><p>Não haverá transmissão a terceiros, a menos que seja absolutamente necessário para o cumprimento do contrato (por exemplo, prestadores de serviços de pagamento) ou exigido por lei.</p><p>⸻</p><p>3. Recolha e tratamento de dados pessoais</p><p>3.1. Dados na reserva do curso</p><p>Ao efetuar a reserva online, são processados os seguintes dados:<br />• Nome e apelido dos responsáveis legais<br />• Nome e idade da criança<br />• Endereço<br />• Número de telefone / endereço de e-mail<br />• Informações relevantes para a saúde (por exemplo, alergias, intolerâncias, necessidades especiais)<br />• Dados de reserva e pagamento</p><p>Finalidade:<br />Organização e realização dos cursos para crianças, medidas de segurança, comunicação.</p><p>Fundamentos jurídicos:<br />• Art. 6, parágrafo 1, alínea b) do RGPD (cumprimento do contrato)<br />• Art. 6.º, n.º 1, alínea a) do RGPD (consentimento no caso de dados relativos à saúde)<br />• Art. 9, parágrafo 2, do RGPD (categorias especiais de dados pessoais)</p><p>Os dados de saúde são tratados com estrita confidencialidade, utilizados exclusivamente para garantir a segurança da criança e não são transmitidos a terceiros.</p><p>⸻</p><p>3.2. Boletim informativo</p><p>Ao subscrever a nossa newsletter, guardamos:<br />• Endereço de e-mail<br />• nome opcional</p><p>Finalidade: envio de informações sobre cursos, datas, promoções.</p><p>Base jurídica:<br />Art. 6.º, n.º 1, alínea a) do RGPD (consentimento).</p><p>A cancelamento da inscrição é possível a qualquer momento através de:<br />• Link em cada newsletter<br />• ou por e-mail para: [o teu endereço de e-mail]</p><p>Os dados não serão vendidos, alugados ou utilizados para fins alheios.</p><p>Utilizamos os seguintes fornecedores, conforme necessário:</p><p>Mailchimp / Brevo / MailerLite / ou similar (por favor, selecione!)<br />Esses fornecedores podem estar localizados fora da UE. Nesse caso, o tratamento é realizado com base em cláusulas contratuais padrão, de acordo com o artigo 46.º do RGPD.</p><p>Se me disseres qual serviço utilizas, eu adapto esta secção exatamente.</p><p>⸻</p><p>3.3. Estabelecimento de contacto</p><p>Ao entrar em contacto por e-mail ou formulário, os dados transmitidos são armazenados para processar a solicitação.</p><p>Base jurídica:<br />Art. 6.º, n.º 1, alínea b) do RGPD (medidas pré-contratuais).</p><p>Os dados não serão transmitidos a terceiros.</p><p>⸻</p><p>3.4. Prestador de serviços de pagamento (PayPal)</p><p>Os pagamentos são efetuados através da PayPal (Europe) S.à r.l. et Cie, S.C.A.</p><p>São processados:<br />• Nome<br />• Endereço<br />• E-mail<br />• Informações de pagamento<br />• Dados da transação</p><p>Finalidade: processamento de pagamentos.</p><p>Base jurídica:<br />Art. 6.º, n.º 1, alínea b) do RGPD.</p><p>A PayPal é responsável pelo tratamento independente dos dados.<br />A declaração de proteção de dados pode ser encontrada em:<br />https://www.paypal.com/de/webapps/mpp/ua/privacy-full</p><p>⸻</p><p>4. Transmissão de dados</p><p>Nenhum dado será transmitido a terceiros, exceto:<br />• a prestadores de serviços de pagamento (por exemplo, PayPal) para processamento,<br />• quando exigido por lei (por exemplo, autoridade fiscal),<br />• ou se houver consentimento expresso.</p><p>Os dados das crianças nunca serão transmitidos a organizações externas, anunciantes ou outros destinatários.</p><p>⸻</p><p>5. Armazenamento e eliminação de dados<br />• Os dados das reservas são armazenados durante o período de retenção legal (geralmente 10 anos).<br />• Os dados de saúde serão eliminados no prazo máximo de 4 semanas após o final do curso, salvo se houver outro consentimento.<br />• Os dados para a newsletter permanecem armazenados até que o consentimento seja revogado.<br />• Os pedidos de contacto serão eliminados após a conclusão do processamento, no máximo após 6 meses.</p><p>⸻</p><p>6. Cookies e dados técnicos</p><p>O nosso site utiliza cookies tecnicamente necessários para o funcionamento da página de reservas.</p><p>Se pretender utilizar ferramentas de rastreamento ou estatísticas (por exemplo, Google Analytics), terei de incluir aqui uma secção extra – atualmente, vou omitir essa secção, pois provavelmente não utiliza rastreadores externos.</p><p>⸻</p><p>7. Integração de meios de comunicação / fotos</p><p>Durante os cursos, podem ser tiradas fotografias.<br />O processamento só é realizado:<br />• com o consentimento expresso por escrito dos responsáveis legais,<br />• exclusivamente para os fins acordados (por exemplo, website, folhetos, redes sociais).</p><p>Sem consentimento, não haverá publicação.</p><p>Base jurídica: Art. 6.º, n.º 1, alínea a) do RGPD, §§ 22, 23 da KUG (Lei alemã sobre direitos de autor).</p><p>⸻</p><p>8. Direitos das pessoas em causa</p><p>Os responsáveis legais e os participantes maiores de idade têm os seguintes direitos:<br />• Direito de acesso (art. 15.º do RGPD)<br />• Direito de retificação (art. 16 do RGPD)<br />• Direito ao apagamento (art. 17 do RGPD)<br />• Direito à limitação do tratamento (art. 18.º do RGPD)<br />• Direito à portabilidade dos dados (art. 20 do RGPD)<br />• Direito de revogar consentimentos concedidos (art. 7.º, n.º 3, do RGPD)<br />• Direito de reclamação junto de uma autoridade de controlo (art. 77.º do RGPD)</p><p>Autoridade competente:<br />O Comissário de Hess para a Proteção de Dados e Liberdade de Informação.</p><p>⸻</p><p>9. Segurança dos dados</p><p>Utilizamos medidas técnicas e organizacionais para proteger os dados contra perda, acesso não autorizado, manipulação e divulgação.</p><p>Isso inclui, entre outros:<br />• Criptografia SSL em todo o site<br />• Sistemas protegidos por palavra-passe<br />• Restrição de acesso a dados sensíveis<br />• Não armazenamento de dados desnecessários</p><p>⸻</p><p>10. Alterações a esta declaração de proteção de dados</p><p>Reservamo-nos o direito de alterar esta declaração de proteção de dados, se necessário, por exemplo, em caso de novas disposições legais ou alterações nas nossas ofertas.</p><p>A versão atualizada está sempre disponível no nosso site.</p>								</div>
				</div>
					</div>
				</div>
				</div>

<p>Datenschutzerklärung – Die Reinterpreten Kids (Stand 2025) 1. Verantwortliche Stelle Daniel van der Linden-WöllerDie Reinterpreten Kids E-Mail: reinterpreten@gmail.comWebsite: www.die-reinterpreten.de ⸻ [&hellip;]</p>
